n base 4, what is 1003022 - 10?
1003012
In base 15, what is -6d57 - 54?
-6dab
In base 16, what is 439 - -75?
4ae
In base 8, what is -4413 + 61?
-4332
In base 14, what is -2 - 20286?
-20288
In base 4, what is -20000322 + -23?
-20001011
In base 14, what is 639 + -d7?
542
In base 5, what is -104304 - -10?
-104244
In base 10, what is -5 + 11151?
11146
In base 3, what is 101 + -1000120?
-1000012
In base 5, what is -3140 + -2024?
-10214
In base 4, what is 1121 - 1010020?
-1002233
In base 13, what is c45 + -2c?
c16
In base 5, what is -20411 + -201?
-21112
In base 7, what is -5 + -1511204?
-1511212
In base 9, what is 3850 - -21?
3871
In base 14, what is -1 - -576?
575
In base 15, what is d84 + -1da?
b99
In base 7, what is 344012 + 4?
344016
In base 15, what is -38781 + -1?
-38782
In base 5, what is 21031 + 0?
21031
In base 14, what is 42d5 - -7a?
4371
In base 3, what is 1012122 + -21212212?
-20200020
In base 9, what is 1 - -111850?
111851
In base 12, what is 2 + -44618?
-44616
In base 13, what is 2 + 106721?
106723
In base 7, what is -52200 + 2?
-52165
In base 13, what is a - 4811?
-4804
In base 12, what is -13 + -91?
-a4
In base 13, what is -320 + -35?
-355
In base 5, what is -3 + -103041?
-103044
In base 3, what is -1 - -1022012200210?
1022012200202
In base 10, what is 12 - 58465?
-58453
In base 8, what is -4 + 147416?
147412
In base 2, what is -101111101 + -1110?
-110001011
In base 2, what is 100 - -101100011010110100?
101100011010111000
In base 12, what is 5 - -777b5?
777ba
In base 14, what is -17 - 1cad4?
-1cb0b
In base 10, what is -29 - 10?
-39
In base 8, what is 43141 - -27?
43170
In base 11, what is 74146 - -4?
7414a
In base 7, what is 23 - 3624?
-3601
In base 10, what is 2602602 + -2?
2602600
In base 9, what is 54546 - 10?
54536
In base 15, what is 1554e + -13?
1553b
In base 15, what is -3010 - 11?
-3021
In base 6, what is -505551 + -10?
-510001
In base 11, what is 0 + -46376?
-46376
In base 4, what is -122133 + 0?
-122133
In base 6, what is -35 - -131535?
131500
In base 11, what is 909 + 5a?
968
In base 14, what is -34c - -1c?
-330
In base 10, what is 391 + 205?
596
In base 4, what is 202113 + -123?
201330
In base 6, what is 1340 + -1022?
314
In base 5, what is 4203243 - 103?
4203140
In base 4, what is -1003222 - -31?
-1003131
In base 15, what is -14b40 + -5?
-14b45
In base 2, what is 11100010100 + 10010100111?
101110111011
In base 9, what is 23 + -16034?
-16011
In base 13, what is -39 + -145a?
-1496
In base 10, what is -3 + 2802?
2799
In base 8, what is 2 + -1067503?
-1067501
In base 10, what is -9 - 547?
-556
In base 8, what is -7 - -65071?
65062
In base 11, what is -13a - -65?
-85
In base 4, what is 20 - -21022?
21102
In base 16, what is 8 + -af178?
-af170
In base 15, what is 3 + -6be60?
-6be5c
In base 7, what is -4 + -2225305?
-2225312
In base 5, what is 14221 + -4313?
4403
In base 12, what is -1b732 - -32?
-1b700
In base 9, what is 18441 + 331?
18772
In base 14, what is 5 + 24352?
24357
In base 16, what is 47c + 170?
5ec
In base 16, what is 0 + 9ce?
9ce
In base 4, what is -31033 + 13222?
-11211
In base 9, what is -1 - -30548?
30547
In base 16, what is -170614 - 2?
-170616
In base 7, what is 411 - -23?
434
In base 3, what is -1 + 11200111222?
11200111221
In base 12, what is -21 - 235a2?
-23603
In base 13, what is -338 - 9c3?
-102b
In base 10, what is 65251 - -1?
65252
In base 2, what is 10001010001011 - -10000100?
10001100001111
In base 15, what is -13a7 + -21a?
-15c2
In base 15, what is -b38a4 - 1?
-b38a5
In base 3, what is -120001102222 - 1?
-120001110000
In base 11, what is 12608 - 17?
125a1
In base 16, what is -f5 + -452?
-547
In base 10, what is 64 - 1402?
-1338
In base 13, what is -8 + ab9?
ab1
In base 13, what is -8c8b - 1?
-8c8c
In base 4, what is 200210 + -110133?
30011
In base 16, what is 1 + 15ca03?
15ca04
In base 3, what is -12 + 21210111?
21210022
In base 7, what is -3204 - -16?
-3155
In base 4, what is 11 + 3311033?
3311110
In base 12, what is 1a313 + -4?
1a30b
In base 9, what is -85836 + -3?
-85840
In base 2, what is 1110 + -11001010?
-10111100
In base 8, what is 1 + 70124?
70125
In base 15, what is -18886 - -8?
-1887d
In base 2, what is -101010010 - 1?
-101010011
In base 7, what is -4 + -5512?
-5516
In base 6, what is 233335 + -104?
233231
In base 3, what is 212 - 2011102?
-2010120
In base 5, what is 1031 - -210444?
212030
In base 8, what is -22653 + 0?
-22653
In base 12, what is 617784 - -3?
617787
In base 6, what is 13352 - -44?
13440
In base 12, what is -2436ba + -1?
-2436bb
In base 10, what is -9 + 3579?
3570
In base 7, what is 4 + -336064?
-336060
In base 8, what is -3 - 31413?
-31416
In base 10, what is -1 - -3112?
3111
In base 14, what is -1245 - -16?
-122d
In base 4, what is 1110132 + -120?
1110012
In base 15, what is 78877 + -3?
78874
In base 5, what is 30214 - -200?
30414
In base 8, what is 20040 + -1?
20037
In base 4, what is 0 + 222123?
222123
In base 6, what is 3 - -12042133?
12042140
In base 5, what is -221 - -2044210?
2043434
In base 9, what is -52502 + -8?
-52511
In base 12, what is 5 - -11ba44?
11ba49
In base 14, what is 1c2 + a38?
c1a
In base 16, what is fb - 64?
97
In base 14, what is -5a6 - 12b?
-6d3
In base 3, what is 2 - 1020202210?
-1020202201
In base 2, what is 100101000100 + 100001101?
101001010001
In base 11, what is 1 + 529206?
529207
In base 11, what is 2398 - 3?
2395
In base 5, what is -12004204 + 2?
-12004202
In base 11, what is 8317a - 3?
83177
In base 13, what is -187 + -9?
-193
In base 16, what is d2 + -1d72?
-1ca0
In base 9, what is -2765140 - -3?
-2765136
In base 13, what is 5 + 40388?
40390
In base 10, what is -79 + 12?
-67
In base 11, what is -4 - -4?
0
In base 7, what is 120602 + 11?
120613
In base 10, what is 9724 + 46?
9770
In base 14, what is -1d - -a74?
a55
In base 7, what is -4 + -42453?
-42460
In base 5, what is 323343 + -3?
323340
In base 4, what is -1130033 - 3?
-1130102
In base 9, what is 426 - -18654?
20181
In base 8, what is 7562701 + -2?
7562677
In base 10, what is -616376 + -11?
-616387
In base 8, what is 177 + -11015?
-10616
In base 9, what is 1366416 + 1?
1366417
In base 7, what is -24 + 1665341?
1665314
In base 6, what is 140 + 2350?
2530
In base 10, what is 430 - -348?
778
In base 11, what is 1 + 36475?
36476
In base 7, what is 1024 - 202?
522
In base 7, what is -65 - -50465?
50400
In base 4, what is -320001030 - -3?
-320001021
In base 3, what is -1110 + 1101211120?
1101210010
In base 15, what is 27a - 43?
237
In base 3, what is 211010 - 200222?
10011
In base 2, what is 11001011011 - -10000100?
11011011111
In base 2, what is -10110 - -1111100101011010?
1111100101000100
In base 7, what is 1333 + -542?
461
In base 7, what is -41516115 + -2?
-41516120
In base 16, what is -2 - -18be?
18bc
In base 13, what is 193b26 + 0?
193b26
In base 13, what is 1a5 + 3c?
214
In base 11, what is -692 - -34?
-659
In base 9, what is 163 - 688?
-525
In base 7, what is -51 + -1052?
-1133
In base 13, what is 15881 - 4?
1587a
In base 14, what is 1 + 1478d0?
1478d1
In base 8, what is -141067 + -4?
-141073
In base 7, what is 11304 - -1135?
12442
In base 9, what is -2788 + -22?
-2821
In base 16, what is -15 - 3381?
-3396
In base 9, what is -1148 - 53?
-1212
In base 7, what is 33003 - 12?
32661
In base 3, what is 22102212 - 10101?
22022111
In base 7, what is -320 + 2300?
1650
In base 8, what is -2 - -14603?
14601
In base 8, what is 157 + 141?
320
In base 3, what is -10000211211 - -210?
-10000211001
In base 2, what is 10 + 100110?
101000
In base 12, what is -3 + -637511?
-637514
In base 16, what is 138 + -6?
132
In base 9, what is -1700761 - 5?
-1700766
In base 2, what is 11010101001001000110101 - 100?
11010101001001000110001
In base 6, what is 1424 + -20?
1404
In base 11, what is 97973 - 4?
9796a
In base 2, what is 111000000011010101 - -100?
111000000011011001
In base 16, what is 72 - -7a?
ec
In base 13, what is 1724 + 1?
1725
In base 3, what is 10 - -1121221202?
1121221212
In base 16, what is 4 - -9b9a?
9b9e
In base 5, what is 320003 + 23?
320031
In base 2, what is -10 - 11101100011010?
-11101100011100
In base 4, what is 110 + -2200022?
-2133312
In base 2, what is -10011001110111000 - 1?
-10011001110111001
In base 13, what is -69387b - -5?
-693876
In base 12, what is -9a3 + -26?
-a09
In base